et g(z) = 5*z - 9. Give g(-6).
-39
Let z(x) = -3*x**3 - 26*x**2 - 15*x + 23. Determine z(-8).
15
Let l(b) = -2*b**2 - 137*b - 492. Calculate l(-59).
629
Let w(n) = 2*n**3 + 21*n**2 + 10*n + 2. Give w(-10).
2
Let j(p) = 231*p + 13165. Calculate j(-57).
-2
Let i(s) = -5*s**2 + 203*s + 1021. Determine i(-5).
-119
Let p(z) = z**2 + 19*z - 29. What is p(-23)?
63
Let t(u) = -5*u**2 - 296*u + 441. Determine t(-61).
-108
Let i(m) = 16*m - 169. Calculate i(12).
23
Let c(h) = 24*h**2 + 1274*h + 105. Give c(-53).
-1
Let f(m) = -236*m + 482. Calculate f(2).
10
Let h(p) = 4*p**3 + 6*p**2 - 22*p - 11. Determine h(-3).
1
Let m(w) = 14*w + 5. What is m(-19)?
-261
Let t(u) = 1551*u**2 - 52733*u - 40. What is t(34)?
-6
Let z(v) = -273*v + 21838. Give z(80).
-2
Let l(r) = 29*r - 151. What is l(-12)?
-499
Let n(v) = 11*v**2 + 2324*v + 2925. Calculate n(-210).
-15
Let z(j) = -2531*j - 2382. Determine z(-1).
149
Let o(m) = -5*m**2 + 566*m - 7444. What is o(98)?
4
Let g(i) = 44*i + 2. Determine g(-1).
-42
Let p(i) = -3*i**2 - 52*i + 236. Calculate p(4).
-20
Let f(n) = 713*n + 13554. Give f(-19).
7
Let h(w) = 2*w**2 - 40*w + 237. What is h(7)?
55
Let d(n) = 2*n**3 + 7*n**2 - 249*n - 19. Calculate d(-13).
7
Let t(j) = -306*j + 1249. Determine t(4).
25
Let s(m) = 2*m**3 + 11*m**2 + 56*m + 180. Calculate s(-5).
-75
Let u(n) = -104*n + 1019. What is u(12)?
-229
Let y(n) = -47*n + 2121. What is y(45)?
6
Let g(y) = 9*y - 259. Give g(32).
29
Let p(q) = 7*q - 270. What is p(46)?
52
Let s(r) = -233*r - 1054. What is s(-5)?
111
Let m(o) = -18*o**2 - 123*o - 71. Give m(-8).
-239
Let h(j) = 43*j + 3702. Calculate h(-86).
4
Let d(a) = a**3 - 27*a**2 - 291*a - 1. Calculate d(-9).
-298
Let i(b) = -b**3 + 73*b**2 + 570*b + 9. Determine i(-7).
-61
Let a(n) = -n**2 + 129*n - 7. Give a(129).
-7
Let k(g) = 17*g - 128. Determine k(6).
-26
Let a(s) = 2060*s - 47374. What is a(23)?
6
Let o(z) = -2*z**2 - 19*z + 155. Determine o(-15).
-10
Let b(q) = -2*q**2 - 184*q + 767. Determine b(-96).
-1
Let z(q) = -q**3 + 5*q**2 - 27*q + 96. Calculate z(4).
4
Let u(w) = 99*w + 2970. What is u(-30)?
0
Let u(x) = 34*x - 5247. Calculate u(154).
-11
Let g(v) = -2*v**3 + 8*v**2 + 5*v - 3. Determine g(-1).
2
Let y(i) = 3*i**3 + 8*i**2 - 72*i - 219. Calculate y(-3).
-12
Let x(j) = 155*j + 2324. What is x(-15)?
-1
Let c(o) = 501*o + 996. What is c(-2)?
-6
Let h(n) = -n**2 - n + 656. Give h(26).
-46
Let f(y) = -17*y - 4. Give f(6).
-106
Let b(t) = 12*t**3 + 61*t**2 - 3*t - 43. Give b(-5).
-3
Let g(y) = -12*y**2 + 181*y - 17. What is g(15)?
-2
Let g(z) = z**3 - 27*z**2 - 37*z - 5. Calculate g(28).
-257
Let f(s) = 6*s**3 + 217*s**2 + 41*s + 171. Give f(-36).
-9
Let k(u) = 34*u - 21. Give k(2).
47
Let h(o) = 725*o - 13. Calculate h(0).
-13
Let w(z) = -z**2 - 964*z - 8610. What is w(-9)?
-15
Let b(g) = 6*g**2 + 69*g + 29. Give b(-12).
65
Let n(j) = -3*j**2 - 368*j + 1125. Calculate n(3).
-6
Let n(a) = 3*a**2 - 603*a - 6318. What is n(-10)?
12
Let m(w) = -w**2 - 40*w + 100. What is m(-42)?
16
Let q(v) = -2*v**3 + 155*v**2 + 248*v - 874. Calculate q(79).
-5
Let w(s) = -8*s**2 + 57*s + 56. Give w(-1).
-9
Let w(p) = -18*p**2 + 17*p + 218. Calculate w(4).
-2
Let x(h) = 6*h - 155. What is x(10)?
-95
Let j(m) = 3*m**2 - 216*m + 421. Determine j(70).
1
Let t(h) = h**3 + 14*h**2 - 12*h + 76. What is t(-15)?
31
Let u(h) = h**3 + 8*h**2 + 3*h + 5. What is u(-6)?
59
Let z(n) = -3*n**2 - 72*n - 374. Determine z(-16).
10
Let q(j) = 2*j**3 - 15*j**2 - 16*j + 67. Calculate q(8).
3
Let b(l) = -l**2 - 50*l - 616. What is b(-22)?
0
Let b(n) = -46*n + 1375. Give b(30).
-5
Let c(u) = -17*u**2 - 7*u - 16. Give c(-2).
-70
Let v(s) = -6*s**2 + 17*s - 78. Determine v(7).
-253
Let k(w) = 17*w**2 - 6*w - 33. What is k(-4)?
263
Let o(i) = -26*i**2 - 293*i + 214. Give o(-12).
-14
Let v(h) = 3*h**3 - 62*h**2 + 54*h - 293. What is v(20)?
-13
Let l(q) = 6*q**2 - 111*q + 9. Give l(18).
-45
Let m(s) = -141*s + 1141. Determine m(8).
13
Let m(t) = -4*t**3 + 108*t**2 + 357*t + 77. Give m(30).
-13
Let c(b) = -9*b + 47. Calculate c(13).
-70
Let n(x) = x**3 + 8*x**2 - 61*x - 346. What is n(-5)?
34
Let l(j) = 43*j**2 - 602*j - 25. Give l(14).
-25
Let c(a) = 15*a**2 - 103*a + 142. Calculate c(5).
2
Let q(c) = c**3 + 22*c**2 - 15*c + 4. Determine q(-23).
-180
Let b(v) = -2*v**3 + 5*v**2 + 3*v - 7. Give b(2).
3
Let c(n) = -2*n**2 + 10*n + 10. What is c(-1)?
-2
Let p(h) = h**2 - 31*h + 233. What is p(11)?
13
Let r(b) = -5*b - 143. Calculate r(-19).
-48
Let g(c) = 264*c**2 - 2*c + 5. Give g(1).
267
Let b(z) = 2154*z - 23717. Calculate b(11).
-23
Let d(p) = 219*p + 4174. Give d(-19).
13
Let y(u) = 2*u**3 + 26*u**2 + 21*u - 53. Determine y(-12).
-17
Let w(x) = x**2 - 109*x + 422. What is w(4)?
2
Let q(o) = 56*o - 1294. Determine q(23).
-6
Let r(v) = 6*v**3 - 22*v**2 + 5*v - 26. Give r(4).
26
Let t(v) = -124*v - 34717. What is t(-280)?
3
Let o(c) = c**3 + 10*c**2 - 89*c - 211. What is o(-15)?
-1
Let z(b) = 2*b**2 + 32*b + 401. What is z(-25)?
851
Let s(b) = -61*b - 10019. Calculate s(-164).
-15
Let b(h) = 31*h**3 + 3*h**2 + 2*h - 1. Give b(-1).
-31
Let k(t) = -24*t**2 + 168*t - 21. What is k(7)?
-21
Let z(x) = 41*x + 2175. What is z(-53)?
2
Let j(c) = 232*c + 696. Determine j(-3).
0
Let z(h) = 7*h**3 - 57*h**2 - 57*h + 1. Give z(-1).
-6
Let p(y) = -43*y + 1585. Calculate p(37).
-6
Let d(z) = -149*z - 736. Give d(-5).
9
Let x(p) = -8*p**2 + 9*p + 2. What is x(2)?
-12
Let c(w) = 2*w**2 + 11*w - 41. Calculate c(-9).
22
Let r(o) = -o**2 - 139*o - 135. Calculate r(-1).
3
Let s(m) = -m**3 - m**2 + 46*m + 148. What is s(-4)?
12
Let n(y) = 4*y**2 - 21*y - 3. What is n(1)?
-20
Let f(p) = -2*p**2 - 9*p + 132. Calculate f(7).
-29
Let z(h) = 2*h**2 - 6719*h + 20144. Determine z(3).
5
Let p(y) = -7*y**3 + 2*y**2 - 4*y - 18. What is p(-2)?
54
Let a(i) = -191*i**2 + 14*i + 14. What is a(-1)?
-191
Let v(b) = -240*b + 11035. Give v(46).
-5
Let v(k) = -2*k**2 + 18*k + 67. Calculate v(11).
23
Let w(o) = 6*o**2 + 108*o - 214. What is w(-20)?
26
Let s(a) = 13*a**2 + 313*a + 32. What is s(-24)?
8
Let k(c) = c**3 - 28*c**2 + 68*c - 110. What is k(26)?
306
Let x(p) = -8*p - 16. Give x(-1).
-8
Let b(i) = i**3 - 4*i**2 + 6*i - 7. What is b(3)?
2
Let b(q) = 336*q - 20141. Determine b(60).
19
Let x(n) = -217*n - 3913. Calculate x(-18).
-7
Let s(b) = -1795*b - 1772. Calculate s(-1).
23
Let q(o) = -5*o**2 + 157*o - 204. Calculate q(30).
6
Let o(z) = -z**3 + 56*z**2 + 284*z + 1258. What is o(61)?
-23
Let q(p) = -3*p**3 - 5*p**2 - 2. What is q(4)?
-274
Let g(v) = 99*v + 197. What is g(-2)?
-1
Let d(g) = -15371*g - 15386. What is d(-1)?
-15
Let o(b) = -b**3 + 4*b**2 - 5*b - 5. What is o(3)?
-11
Let x(o) = 4*o**2 + 121*o + 499. What is x(-26)?
57
Let o(a) = a**2 + 2884*a + 2883. What is o(-1)?
0
Let i(p) = 3*p**2 - 8*p - 123. Give i(8).
5
Let g(r) = r**3 - 39*r**2 + 353*r - 24. Calculate g(14).
18
Let z(j) = -2*j**2 + 2*j + 96. Determine z(8).
-16
Let t(f) = 2*f**3 + 97*f**2 - 480*f - 153. Give t(-53).
6
Let t(v) = 29*v + 582. Calculate t(-20).
2
Let o(p) = -66*p + 811. Calculate o(7).
349
Let i(k) = -314*k - 2257. What is i(-7)?
-59
Let a(u) = 39*u - 241. Determine a(5).
-46
Let a(v) = -5*v**3 + 2*v**2 - 17*v + 6. What is a(0)?
6
Let l(w) = 3*w**3 + 28*w**2 + 37*w - 36. What is l(-7)?
48
Let w(a) = 91*a + 904. What is w(-10)?
-6
Let n(q) = -q**3 - 38*q**2 + 69*q - 143. Give n(-40).
297
Let a(v) = -v**3 - 29*v**2 - 53*v + 624. Determine a(-26).
-26
Let w(m) = -10*m + 248. What is w(5)?
198
Let m(z) = -83*z + 18282. Determine m(220).
22
Let s(y) = y**3 + 14*y**2 + 43*y + 13. Determine s(-7).
55
Let q(c) = -2*c**3 + 219*c**2 + 789*c + 155. Calculate q(113).
-71
Let b(f) = -111*f**2 - 125*f + 3. What is b(-1)?
17
Let z(t) = -11*t - 442. What is z(-36)?
-46
Let u(p) = -9*p**2 - 13*p - 3. Calculate u(-4).
-95
Let q(a) = 282*a**3 - 2*a**2 - 7*a - 6. What is q(-1)?
-283
Let i(n) = 10*n - 260. Calculate i(25).
-10
Let h(m) = -182*m + 57. Determine h(-3).
603
Let h(f) = -844*f - 5099. Give h(-6).
-35
Let d(c) = 246*c + 84. Give d(-2).
-408
Let s(h) = -h**3 + 20*h**2 + 13*h - 302. What is s(20)?
-42
Let x(k) = -305*k + 297. Determine x(1).
-8
Let m(z) = -1198*z - 22780. Calculate m(-19).
-18
Let g(d) = d**2 - 59*d + 626. What is g(14)?
-4
Let j(q) = 19*q + 733. Calculate j(-18).
391
Let b(o) = 56*o -